nd g?
4
Let w = 25 + -11. Let i be (1 - -1)*(-9)/6. Let b be 15 - (9/(-3))/i. What is the greatest common factor of b and w?
14
Suppose -i = 4*i - 5. Let p be ((-1)/i)/(4/(-28)). What is the greatest common divisor of p and 14?
7
Suppose -3*k + 2*k - 406 = -g, 4*k + 421 = g. Let w be (-3)/15 - g/(-5). What is the greatest common factor of w and 32?
16
Suppose 0 = -2*h - 0 + 4. Let g be h/(((-4)/(-3))/2). Let c(d) = 3*d**2 - 3*d - 2. Let y be c(g). What is the highest common factor of y and 4?
4
Suppose 3*g = 4*o - 2*o - 60, 5*o = 2*g + 150. Let p(y) = -y - 3. Let n be p(-9). What is the greatest common divisor of n and o?
6
Let d be 1/2*(2 - -44). Calculate the highest common divisor of d and 230.
23
Let z be (-16)/(-8) + 1*3. Suppose z*b = 441 + 479. Suppose -4*o - 5*a + 236 = 0, -3*o - 3*a + b = -a. What is the greatest common divisor of o and 16?
16
Let y(b) = b**2 - 6*b - 1. Let u be y(-3). Calculate the greatest common divisor of u and 130.
26
Let w(a) = 2*a**2 + a. Let d be w(1). Let l be (d - 0) + -2 + 12. What is the highest common divisor of 91 and l?
13
Let h = -114 - -49. Let x = h + 153. What is the highest common divisor of 11 and x?
11
Suppose -2*f + 96 = 4*q + q, 5*f + 30 = q. What is the greatest common factor of q and 20?
20
Let r(s) = s**2 + s + 16. Let a be r(0). Suppose 2*z + g = -2*g + 253, -z + 130 = -2*g. Calculate the greatest common factor of a and z.
16
Let p be (29/2)/(5/10). Suppose -2*z = 2*z - 928. What is the greatest common divisor of p and z?
29
Let k = 30 - 20. Suppose 2*q + 2*a + 3*a = -1, a = 2*q - 5. What is the greatest common divisor of q and k?
2
Suppose 2*h = 4*v - 4, h - 31 = -5*v - 3*h. Let d be 32 - (-4 - (2 - 5)). What is the highest common factor of d and v?
3
Let x be 5/(-180)*6 - (-230)/12. What is the highest common factor of 323 and x?
19
Let t be (-3)/2*(-20)/15. Suppose 0 = -3*q + t*q + r + 37, -2*r - 146 = -4*q. What is the greatest common factor of q and 9?
9
Let s be ((-1)/2 + (-3)/(-3))*2. Let z = -5 + 14. What is the highest common divisor of s and z?
1
Let c(n) = n**3 - 4*n**2 - 5*n + 1. Let j be c(5). What is the highest common divisor of j and 1?
1
Let n(q) = 4*q**2 - 8*q + 7. Let i(r) = -3*r**2 + 8*r - 6. Let l(t) = 3*i(t) + 2*n(t). Let j be l(5). Calculate the greatest common factor of j and 11.
11
Suppose 5*y = 3*y + 20. What is the highest common divisor of 10 and y?
10
Let a(s) = 2*s**2 + 6*s - 7. Let z be a(-5). Let c = z - 7. Suppose 0 = 2*p - c*p + 32. What is the greatest common divisor of 24 and p?
8
Let j(m) = 0 + 4 - 4 - 4 - 5*m. Let x be j(-6). Calculate the greatest common factor of x and 39.
13
Let o = -9 - -21. Suppose -2*h - o = -6*h. Calculate the greatest common divisor of h and 24.
3
Let q(w) = -5*w**3 + w**2 - w + 1. Let f be q(1). Let r = f + 4. Let c be (-164)/(-2) - -2 - r. Calculate the highest common factor of 14 and c.
14
Let t = -68 + 74. What is the greatest common divisor of 18 and t?
6
Suppose 0 = -135*x + 139*x - 144. What is the greatest common divisor of x and 24?
12
Let v be 2*14/(-8)*-2. Let w be 328/(-28) + (-4)/14. Let d be (-8)/w*(-6)/(-4). What is the highest common divisor of v and d?
1
Let f(k) = 2*k + 8. Let g be f(6). Calculate the highest common factor of g and 2.
2
Let a be (-2)/(-4 - 524/(-132)). What is the greatest common factor of a and 11?
11
Let n = -99 - -159. Calculate the highest common factor of n and 40.
20
Let m(r) = -75*r - 1. Let a be m(-3). What is the greatest common factor of 28 and a?
28
Let q(y) = y**3 + 11*y**2 - y - 9. Let z be q(-11). Let j be 1 + -3 + 2 - -2. What is the greatest common factor of j and z?
2
Suppose 0 = -0*r + r. Let o be (r + 43 + -1)/1. Calculate the highest common factor of o and 6.
6
Let y(v) = v**3 - 5*v**2 + v. Let a be y(5). Suppose -186 - 239 = -a*d. Let r be 18 + (2 - 1)/(-1). What is the greatest common divisor of r and d?
17
Suppose -2*p + 227 = x, -2*p - x + 339 = p. Let q be 1/(2 - (-27)/(-14)). Calculate the greatest common factor of q and p.
14
Let m(z) = 2*z**2 + 9*z + 13. Let w be m(-5). What is the highest common factor of 72 and w?
18
Suppose 5*i - 102 + 27 = 0. Suppose 63 = 2*d - 4*t + i, 2*t - 48 = -3*d. What is the highest common divisor of 12 and d?
6
Let j = -9 - -15. Suppose 5*d - j - 9 = 0. Calculate the highest common divisor of d and 9.
3
Let o(j) be the first derivative of -j**4/4 + 7*j**3/3 + j**2 - 8*j + 1. Let m be o(7). Let r be -42*-2*2/m. Calculate the highest common divisor of r and 70.
14
Let y be (32/(-12))/(1/(-6)). Suppose -g - 5*v + y = -3*g, 3*v = -g + 14. What is the greatest common divisor of 2 and g?
2
Suppose 4*x = -5*a + 25, x + 25 = -a + 6*a. Suppose x = -4*w + 53 + 19. Calculate the highest common factor of w and 6.
6
Let n = 54 + 20. What is the greatest common factor of n and 111?
37
Let u(w) = -w**3 - 6*w**2 + 7*w + 5. Let m be u(-7). Calculate the highest common factor of 40 and m.
5
Let b = -133 + 88. Let n = b + 81. Calculate the greatest common factor of n and 54.
18
Let r be (-4)/22 - 26/(-22). Let h be r/(-1) - (2 - 12). What is the greatest common divisor of 18 and h?
9
Let d(g) = 9*g**2 - 2*g - 1. Let z be d(-1). Let o(b) = 2*b**2 - 6*b - 6. Let x be o(-4). Calculate the highest common factor of z and x.
10
Let j = -7 + 14. Suppose j*u - 40 = 2*u. What is the greatest common divisor of 24 and u?
8
Suppose 5*m - 71 = 589. What is the highest common divisor of m and 12?
12
Suppose -k = 2*i + 1 - 3, 2 = 3*k + 2*i. Let w(q) = -q. Let b be w(0). Suppose k*n + n - 35 = b. What is the highest common factor of 5 and n?
5
Suppose -4 = -6*c + 5*c. Let l be (8/c)/((-4)/(-110)). Calculate the greatest common factor of l and 5.
5
Let s be 21/(-6)*(-1)/((-1)/(-28)). Suppose 3*y - 14 = 2*y. Calculate the greatest common factor of y and s.
14
Let n = 13 + -10. Let i be -22*(n - 26/4). Calculate the highest common divisor of 11 and i.
11
Let u(i) = -15*i + 3. Let q be u(-3). Calculate the greatest common factor of q and 12.
12
Suppose 0 = -2*s + 3*d + 31, s + 3*s - 29 = -5*d. Let r be 9/(18/(-4)) + 90. Calculate the greatest common divisor of r and s.
11
Let s(q) = 5*q**3 - q**2 + 2*q - 1. Let v be s(1). Suppose -5*d = 5*f - 1065, 0*f = v*d + 2*f - 1053. Calculate the greatest common divisor of 19 and d.
19
Suppose 12 = -4*v + 2*r, -3*r = 2*v + r + 16. Let b = 0 - v. Suppose 5*p - b = 121. Calculate the highest common divisor of 5 and p.
5
Suppose -10*z + 8 = -9*z. What is the highest common divisor of 24 and z?
8
Let z = 19 + -11. Suppose 4*x = 5*d - z, 3*d + 0*d + 12 = 0. Let u(l) = -l**3 - 6*l**2 + 7*l + 2. Let v be u(x). What is the greatest common divisor of v and 6?
2
Let a be -8*1*(-7 + 3). What is the greatest common factor of 8 and a?
8
Let a(b) = 56*b**3 - b**2 + b - 1. Let o be a(1). Let y = -5 - 3. Let r = 30 + y. Calculate the greatest common factor of r and o.
11
Let f = -26 + 49. Let y = -16 + f. What is the greatest common factor of 7 and y?
7
Let l = 120 - 87. What is the highest common factor of l and 363?
33
Let g be (-8)/14*(-7)/2. Suppose g*t - 17 = 7. What is the greatest common divisor of 24 and t?
12
Let p be (-6)/2 + 5 + 3. What is the greatest common divisor of p and 5?
5
Let o = 3 - 7. Let g(a) = 16*a + 5. Let r be g(o). Let y = r + 111. Calculate the highest common factor of y and 13.
13
Let c = 249 + -169. Calculate the highest common factor of 16 and c.
16
Let o be 1650/105 + 4/14. What is the greatest common divisor of o and 112?
16
Let t = -4 + 6. Calculate the greatest common factor of t and 14.
2
Let c(t) = t + 3. Let m be c(2). Let v(l) = 2*l**3 - 2*l**2 + l + 1. Let z be v(3). What is the highest common factor of m and z?
5
Let s be 2/(-3 + 2) - -10. Suppose -p = 4*u - u - 14, s = 4*p. Suppose -5*l + 125 = 5*n, 4*n - 2*n = 3*l + 25. What is the highest common factor of u and n?
4
Let q = 7 + 1. What is the highest common factor of q and 8?
8
Let m(o) = -o**3 + 7*o**2 + 10*o - 9. Let b be m(8). Let n be (-6 + b)*34/2. Let l = -9 - -26. What is the highest common divisor of n and l?
17
Let w(b) be the first derivative of b**3/3 + 13*b**2/2 + 7*b + 4. Let o be w(-14). Calculate the highest common factor of 3 and o.
3
Suppose 14*x - 8*x = 960. Calculate the greatest common factor of 20 and x.
20
Let z(r) = -25*r**3 + 2*r +